{"id":542,"date":"2022-09-16T19:33:44","date_gmt":"2022-09-16T19:33:44","guid":{"rendered":"http:\/\/veidoterapija.lt\/?page_id=542"},"modified":"2023-09-02T18:51:48","modified_gmt":"2023-09-02T18:51:48","slug":"odos-stangrumo-ir-elastingumo-atkurimo-procedura-onmacabim","status":"publish","type":"page","link":"https:\/\/veidoterapija.lt\/?page_id=542","title":{"rendered":"ODOS STANGRUMO IR ELASTINGUMO ATK\u016aRIMO PROCED\u016aRA (ONmacabim)"},"content":{"rendered":"\t\t<div data-elementor-type=\"wp-page\" data-elementor-id=\"542\" class=\"elementor elementor-542\">\n\t\t\t\t\t\t<div class=\"elementor-inner\">\n\t\t\t\t<div class=\"elementor-section-wrap\">\n\t\t\t\t\t\t\t\t\t<section class=\"elementor-section elementor-top-section elementor-element elementor-element-8e185c3 elementor-section-boxed elementor-section-height-default elementor-section-height-default\" data-id=\"8e185c3\" data-element_type=\"section\">\n\t\t\t\t\t\t<div class=\"elementor-container elementor-column-gap-default\">\n\t\t\t\t\t\t\t<div class=\"elementor-row\">\n\t\t\t\t\t<div class=\"elementor-column elementor-col-100 elementor-top-column elementor-element elementor-element-d2e104b\" data-id=\"d2e104b\" data-element_type=\"column\">\n\t\t\t<div class=\"elementor-column-wrap elementor-element-populated\">\n\t\t\t\t\t\t\t<div class=\"elementor-widget-wrap\">\n\t\t\t\t\t\t<div class=\"elementor-element elementor-element-7cfe1bf elementor-widget-divider--view-line elementor-widget elementor-widget-divider\" data-id=\"7cfe1bf\" data-element_type=\"widget\" data-widget_type=\"divider.default\">\n\t\t\t\t<div class=\"elementor-widget-container\">\n\t\t\t\t\t<div class=\"elementor-divider\">\n\t\t\t<span class=\"elementor-divider-separator\">\n\t\t\t\t\t\t<\/span>\n\t\t<\/div>\n\t\t\t\t<\/div>\n\t\t\t\t<\/div>\n\t\t\t\t<div class=\"elementor-element elementor-element-aec302a elementor-widget elementor-widget-image\" data-id=\"aec302a\" data-element_type=\"widget\" data-widget_type=\"image.default\">\n\t\t\t\t<div class=\"elementor-widget-container\">\n\t\t\t\t\t\t\t\t<div class=\"elementor-image\">\n\t\t\t\t\t\t\t\t\t\t\t\t<img loading=\"lazy\" decoding=\"async\" width=\"300\" height=\"186\" src=\"https:\/\/veidoterapija.lt\/wp-content\/uploads\/2022\/09\/767a4809a021b16596e4716ee9362ad3-300x186.jpg\" class=\"attachment-medium size-medium\" alt=\"\" srcset=\"https:\/\/veidoterapija.lt\/wp-content\/uploads\/2022\/09\/767a4809a021b16596e4716ee9362ad3-300x186.jpg 300w, https:\/\/veidoterapija.lt\/wp-content\/uploads\/2022\/09\/767a4809a021b16596e4716ee9362ad3.jpg 473w\" sizes=\"auto, (max-width: 300px) 100vw, 300px\" \/>\t\t\t\t\t\t\t\t\t\t\t\t\t\t<\/div>\n\t\t\t\t\t\t<\/div>\n\t\t\t\t<\/div>\n\t\t\t\t\t\t<\/div>\n\t\t\t\t\t<\/div>\n\t\t<\/div>\n\t\t\t\t\t\t\t\t<\/div>\n\t\t\t\t\t<\/div>\n\t\t<\/section>\n\t\t\t\t<section class=\"elementor-section elementor-top-section elementor-element elementor-element-403769d elementor-section-boxed elementor-section-height-default elementor-section-height-default\" data-id=\"403769d\" data-element_type=\"section\">\n\t\t\t\t\t\t<div class=\"elementor-container elementor-column-gap-default\">\n\t\t\t\t\t\t\t<div class=\"elementor-row\">\n\t\t\t\t\t<div class=\"elementor-column elementor-col-100 elementor-top-column elementor-element elementor-element-0992576\" data-id=\"0992576\" data-element_type=\"column\">\n\t\t\t<div class=\"elementor-column-wrap\">\n\t\t\t\t\t\t\t<div class=\"elementor-widget-wrap\">\n\t\t\t\t\t\t\t\t<\/div>\n\t\t\t\t\t<\/div>\n\t\t<\/div>\n\t\t\t\t\t\t\t\t<\/div>\n\t\t\t\t\t<\/div>\n\t\t<\/section>\n\t\t\t\t<section class=\"elementor-section elementor-top-section elementor-element elementor-element-f43fb20 elementor-section-boxed elementor-section-height-default elementor-section-height-default\" data-id=\"f43fb20\" data-element_type=\"section\">\n\t\t\t\t\t\t<div class=\"elementor-container elementor-column-gap-default\">\n\t\t\t\t\t\t\t<div class=\"elementor-row\">\n\t\t\t\t\t<div class=\"elementor-column elementor-col-100 elementor-top-column elementor-element elementor-element-400ce7e\" data-id=\"400ce7e\" data-element_type=\"column\">\n\t\t\t<div class=\"elementor-column-wrap elementor-element-populated\">\n\t\t\t\t\t\t\t<div class=\"elementor-widget-wrap\">\n\t\t\t\t\t\t<div class=\"elementor-element elementor-element-487be14 elementor-widget elementor-widget-text-editor\" data-id=\"487be14\" data-element_type=\"widget\" data-widget_type=\"text-editor.default\">\n\t\t\t\t<div class=\"elementor-widget-container\">\n\t\t\t\t\t\t\t\t<div class=\"elementor-text-editor elementor-clearfix\">\n\t\t\t\t<p>Naujausios tendencijos, kuriomis grind\u017eiamas proced\u016br\u0173 protokol\u0173 k\u016brimas \u2013 tai unikali\u0173 Jud\u0117jos dykumoje augan\u010di\u0173 vaistini\u0173 \u017eoleli\u0173 savybi\u0173 panaudojimo bei originali\u0173 ONmacabim mokslin\u0117s laboratorijos specialist\u0173 id\u0117j\u0173 \u012fgyvendinimo, pasitelkiant naujausias \u0161iuolaikin\u0117s kosmetikos pramon\u0117s technologijas, rezultatas.<\/p>\n<p><strong>Proced\u016bra skirta odos elastingumo ir stangrumo atstatymui, odos dr\u0117kinimui ir maitinimui, odos atspalvio gerinimui.<\/strong><\/p>\n<p><strong>Proced\u016bros poveikis:<\/strong><\/p>\n<ul>\n<li>\u043edos atnaujinimas ir regeneracija;<\/li>\n<li>akivaizdus patempimas;<\/li>\n<li>akivaizdus pa\u0161vies\u0117jimas;<\/li>\n<li>d\u0117l am\u017eiaus atsiradusios kuperoz\u0117s korekcija.<\/li>\n<\/ul>\n<p>Tinka vis\u0173 tip\u0173 odai, \u012fskaitant jautri\u0105.<\/p>\n<p><strong>Proced\u016broje naudojama:<\/strong><\/p>\n<p><em>Atkuriamasis \u0161veitiklis su petra\u017eoli\u0173 ekstraktu<\/em>, kuris \u0161velniai pa\u0161alina pavir\u0161iaus ne\u0161varumus, \u012fskaitant komedonus, skatina \u0161lak\u0173 ir toksin\u0173 pa\u0161alinim\u0105, stimuliuoja l\u0105steli\u0173 audini\u0173 regeneracij\u0105 ir pagreitina l\u0105steli\u0173 atsinaujinimo procesus. Jis turi intensyv\u0173 regeneruojam\u0105j\u012f ir valom\u0105j\u012f poveik\u012f. \u0160viesina od\u0105, suteikia jos pavir\u0161iui vienodumo.<\/p>\n<p><em>Glikolio r\u016bg\u0161tis<\/em>, kuri \u017eymiai pagerina odos pavir\u0161i\u0173, pastorina gyv\u0173 l\u0105steli\u0173 sluoksn\u012f, suma\u017eina ragin\u012f sluoksn\u012f ir l\u0105steli\u0173 sankaupas, suma\u017eina fotojautrum\u0105, i\u0161lygina smulkias rauk\u0161leles. Suteikia odai u\u017edegim\u0105 ma\u017einant\u012f poveik\u012f, turi atjauninam\u0105j\u012f poveik\u012f, nes glikolio r\u016bg\u0161tis stimuliuoja fibroblast\u0173 ir kolageno gamyb\u0105.<\/p>\n<p><em>Retinolio palmitatas (vitaminas A)<\/em>, kuris&nbsp; stimuliuoja l\u0105steli\u0173 dauginim\u0105si (dermos sustor\u0117jim\u0105), gerina barjerin\u0119 funkcij\u0105 ir odos elastingum\u0105. Galingas nuo sen\u0117jimo apsaugantis ingredientas: skatina odos l\u0105steli\u0173 atsinaujinim\u0105, aktyvina kolageno sintez\u0119 epitelio audinyje ir bendrai suma\u017eina sen\u0117jimo po\u017eymius.<\/p>\n<p><em>Dr\u0117kinanamoji hialurono kauk\u0117<\/em>, kuri intensyviai dr\u0117kina, ramina ir biostimuliuoja, suma\u017eina u\u017edegimines reakcijas, i\u0161lygina veido, kaklo ir dekolt\u0117 rauk\u0161les.<\/p>\n<p><em>Maitinamasis serumas LILI OMEGA 3+6+9<\/em>, kuriame gausu mikroelement\u0173 (cinko, kalcio), vitamin\u0173 E ir A, puikiai subalansuot\u0173 polineso\u010di\u0173j\u0173 riebal\u0173 r\u016bg\u0161\u010di\u0173, tokoferolio, baltym\u0173 ir nat\u016brali\u0173 antioksidant\u0173 (pagrindinis yra sezamolis). \u0160is unikalus koncentratas yra skirtas maitinti pavargusi\u0105 od\u0105 ir atgaivinti jos gyvybines funkcijas. Suteikia ry\u0161k\u0173 jauninant\u012f efekt\u0105, stabdydamas l\u0105steli\u0173 sen\u0117jimo procesus.<\/p>\n<p><em>Maitinamoji kauk\u0117,<\/em> kuri suaktyvina l\u0105steli\u0173 procesus, normalizuoja med\u017eiag\u0173 apykait\u0105, pagerina kraujotak\u0105 dermoje, reguliuoja audini\u0173 pralaidum\u0105, i\u0161lygina smulkias rauk\u0161leles ir padidina odos elastingum\u0105.<\/p>\n<p><em>Alginato kauk\u0117<\/em> (parenkma pagal odos problem\u0105).<\/p>\n<p><\/p>\n<p style=\"text-align: center;\"><strong>Proced\u016bros trukm\u0117: <\/strong>60 min<\/p>\t\t\t\t\t<\/div>\n\t\t\t\t\t\t<\/div>\n\t\t\t\t<\/div>\n\t\t\t\t\t\t<\/div>\n\t\t\t\t\t<\/div>\n\t\t<\/div>\n\t\t\t\t\t\t\t\t<\/div>\n\t\t\t\t\t<\/div>\n\t\t<\/section>\n\t\t\t\t<section class=\"elementor-section elementor-top-section elementor-element elementor-element-8638b06 elementor-section-boxed elementor-section-height-default elementor-section-height-default\" data-id=\"8638b06\" data-element_type=\"section\">\n\t\t\t\t\t\t<div class=\"elementor-container elementor-column-gap-default\">\n\t\t\t\t\t\t\t<div class=\"elementor-row\">\n\t\t\t\t\t<div class=\"elementor-column elementor-col-100 elementor-top-column elementor-element elementor-element-dcb3524\" data-id=\"dcb3524\" data-element_type=\"column\">\n\t\t\t<div class=\"elementor-column-wrap elementor-element-populated\">\n\t\t\t\t\t\t\t<div class=\"elementor-widget-wrap\">\n\t\t\t\t\t\t<div class=\"elementor-element elementor-element-0012c5c elementor-view-default elementor-widget elementor-widget-icon\" data-id=\"0012c5c\" data-element_type=\"widget\" data-widget_type=\"icon.default\">\n\t\t\t\t<div class=\"elementor-widget-container\">\n\t\t\t\t\t<div class=\"elementor-icon-wrapper\">\n\t\t\t<div class=\"elementor-icon\">\n\t\t\t<i aria-hidden=\"true\" class=\"fas fa-spa\"><\/i>\t\t\t<\/div>\n\t\t<\/div>\n\t\t\t\t<\/div>\n\t\t\t\t<\/div>\n\t\t\t\t\t\t<\/div>\n\t\t\t\t\t<\/div>\n\t\t<\/div>\n\t\t\t\t\t\t\t\t<\/div>\n\t\t\t\t\t<\/div>\n\t\t<\/section>\n\t\t\t\t\t\t\t\t\t<\/div>\n\t\t\t<\/div>\n\t\t\t\t\t<\/div>\n\t\t","protected":false},"excerpt":{"rendered":"<p><a href=\"https:\/\/veidoterapija.lt\/?page_id=542\" class=\"more-link\">Pla\u010diau&#8230;<span class=\"screen-reader-text\">ODOS STANGRUMO IR ELASTINGUMO ATK\u016aRIMO PROCED\u016aRA (ONmacabim)<\/span><\/a><\/p>\n","protected":false},"author":1,"featured_media":0,"parent":0,"menu_order":0,"comment_status":"closed","ping_status":"closed","template":"","meta":{"footnotes":""},"class_list":["post-542","page","type-page","status-publish","hentry"],"_links":{"self":[{"href":"https:\/\/veidoterapija.lt\/index.php?rest_route=\/wp\/v2\/pages\/542","targetHints":{"allow":["GET"]}}],"collection":[{"href":"https:\/\/veidoterapija.lt\/index.php?rest_route=\/wp\/v2\/pages"}],"about":[{"href":"https:\/\/veidoterapija.lt\/index.php?rest_route=\/wp\/v2\/types\/page"}],"author":[{"embeddable":true,"href":"https:\/\/veidoterapija.lt\/index.php?rest_route=\/wp\/v2\/users\/1"}],"replies":[{"embeddable":true,"href":"https:\/\/veidoterapija.lt\/index.php?rest_route=%2Fwp%2Fv2%2Fcomments&post=542"}],"version-history":[{"count":14,"href":"https:\/\/veidoterapija.lt\/index.php?rest_route=\/wp\/v2\/pages\/542\/revisions"}],"predecessor-version":[{"id":791,"href":"https:\/\/veidoterapija.lt\/index.php?rest_route=\/wp\/v2\/pages\/542\/revisions\/791"}],"wp:attachment":[{"href":"https:\/\/veidoterapija.lt\/index.php?rest_route=%2Fwp%2Fv2%2Fmedia&parent=542"}],"curies":[{"name":"wp","href":"https:\/\/api.w.org\/{rel}","templated":true}]}}